550?
8
What is the hundreds digit of 3336085?
0
What is the millions digit of 15613190?
5
What is the hundreds digit of 16086026?
0
What is the ten thousands digit of 2311633?
1
What is the hundred thousands digit of 7793726?
7
What is the thousands digit of 2936526?
6
What is the hundreds digit of 683858?
8
What is the hundreds digit of 280053?
0
What is the tens digit of 5197440?
4
What is the tens digit of 369364?
6
What is the units digit of 123963?
3
What is the units digit of 20741801?
1
What is the tens digit of 86176?
7
What is the hundred thousands digit of 119590?
1
What is the hundreds digit of 3072275?
2
What is the ten thousands digit of 262548?
6
What is the hundred thousands digit of 308445?
3
What is the millions digit of 6037626?
6
What is the thousands digit of 44133?
4
What is the hundreds digit of 3507726?
7
What is the hundreds digit of 546281?
2
What is the ten thousands digit of 7466898?
6
What is the units digit of 189852?
2
What is the hundreds digit of 250822?
8
What is the hundred thousands digit of 677335?
6
What is the units digit of 3841286?
6
What is the hundreds digit of 13917251?
2
What is the hundreds digit of 4027674?
6
What is the millions digit of 15400279?
5
What is the millions digit of 16776502?
6
What is the tens digit of 116545?
4
What is the hundreds digit of 98492?
4
What is the hundred thousands digit of 172424?
1
What is the hundreds digit of 221246?
2
What is the hundred thousands digit of 1019677?
0
What is the ten thousands digit of 229585?
2
What is the hundred thousands digit of 6876384?
8
What is the units digit of 6521570?
0
What is the thousands digit of 28788220?
8
What is the units digit of 3269467?
7
What is the hundreds digit of 3585071?
0
What is the thousands digit of 12266835?
6
What is the tens digit of 1795203?
0
What is the ten thousands digit of 190755?
9
What is the hundred thousands digit of 3625668?
6
What is the hundreds digit of 5985198?
1
What is the tens digit of 138930?
3
What is the ten thousands digit of 121078?
2
What is the ten thousands digit of 4323719?
2
What is the units digit of 372461?
1
What is the thousands digit of 2406979?
6
What is the thousands digit of 901540?
1
What is the tens digit of 22660422?
2
What is the units digit of 5092280?
0
What is the units digit of 1041568?
8
What is the ten millions digit of 10963838?
1
What is the hundreds digit of 25300220?
2
What is the thousands digit of 176573?
6
What is the thousands digit of 466593?
6
What is the thousands digit of 62470?
2
What is the thousands digit of 694071?
4
What is the units digit of 8102?
2
What is the thousands digit of 102837?
2
What is the tens digit of 28135?
3
What is the hundreds digit of 1082591?
5
What is the units digit of 117228?
8
What is the units digit of 153216?
6
What is the thousands digit of 1433284?
3
What is the units digit of 257469?
9
What is the ten thousands digit of 43029?
4
What is the hundreds digit of 4989000?
0
What is the ten thousands digit of 2746583?
4
What is the millions digit of 2411740?
2
What is the millions digit of 9767980?
9
What is the ten thousands digit of 6005774?
0
What is the tens digit of 150930?
3
What is the tens digit of 3458161?
6
What is the units digit of 493811?
1
What is the tens digit of 468891?
9
What is the hundreds digit of 267353?
3
What is the units digit of 479927?
7
What is the units digit of 835238?
8
What is the units digit of 18128663?
3
What is the hundred thousands digit of 660275?
6
What is the thousands digit of 204438?
4
What is the hundreds digit of 35565843?
8
What is the units digit of 2091340?
0
What is the hundred thousands digit of 579772?
5
What is the hundreds digit of 30490031?
0
What is the ten thousands digit of 9867141?
6
What is the thousands digit of 7687?
7
What is the tens digit of 239482?
8
What is the hundreds digit of 1825801?
8
What is the thousands digit of 6305325?
5
What is the millions digit of 3883288?
3
What is the millions digit of 1126572?
1
What is the hundred thousands digit of 286169?
2
What is the ten thousands digit of 85294?
8
What is the tens digit of 153387?
8
What is the hundreds digit of 1268388?
3
What is the thousands digit of 1768562?
8
What is the units digit of 26301445?
5
What is the thousands digit of 1844162?
4
What is the millions digit of 1707785?
1
What is the ten thousands digit of 239985?
3
What is the ten thousands digit of 441831?
4
What is the millions digit of 4899698?
4
What is the units digit of 17385610?
0
What is the hundreds digit of 2282994?
9
What is the units digit of 5472403?
3
What is the ten thousands digit of 32575?
3
What is the tens digit of 3870354?
5
What is the thousands digit of 2230806?
0
What is the tens digit of 6451302?
0
What is the thousands digit of 132189?
2
What is the ten thousands digit of 6539091?
3
What is the hundred thousands digit of 241705?
2
What is the thousands digit of 234960?
4
What is the hundred thousands digit of 8556635?
5
What is the thousands digit of 76248?
6
What is the hundreds digit of 5286?
2
What is the ten thousands digit of 16919418?
1
What is the tens digit of 309121?
2
What is the millions digit of 8953327?
8
What is the hundreds digit of 219993?
9
What is the ten thousands digit of 217620?
1
What is the ten thousands digit of 3285960?
8
What is the tens digit of 1581000?
0
What is the ten millions digit of 16437122?
1
What is the ten thousands digit of 127408?
2
What is the hundreds digit of 16943673?
6
What is the hundreds digit of 637489?
4
What is the tens digit of 11675012?
1
What is the ten millions digit of 12553735?
1
What is the tens digit of 281554?
5
What is the tens digit of 1008081?
8
What is the ten thousands digit of 44072?
4
What is the hundred thousands digit of 110895?
1
What is the ten thousands digit of 300830?
0
What is the millions digit of 16444584?
6
What is the thousands digit of 967815?
7
What is the tens digit of 934011?
1
What is the units digit of 15985?
5
What is the thousands digit of 148237?
8
What is the hundred thousands digit of 776780?
7
What is the hundred thousands digit of 3633850?
6
What is the units digit of 3158564?
4
What is the ten thousands digit of 273997?
7
What is the hundred thousands digit of 342373?
3
What is the thousands digit of 1675904?
5
What is the units digit of 322461?
1
What is the units digit of 15497?
7
What is the tens digit of 462103?
0
What is the units digit of 1817042?
2
What is the thousands digit of 447411?
7
What is the tens digit of 168032?
3
What is the tens digit of 731863?
6
What is the ten thousands digit of 4766020?
6
What is the units digit of 427688?
8
What is the units digit of 420250?
0
What is the units digit of 7163609?
9
What is the ten thousands digit of 1921071?
2
What is the ten thousands digit of 1774852?
7
What is the ten thousands digit of 2259732?
5
What is the units digit of 19859015?
5
What is the units digit of 2108520?
0
What is the tens digit of 1800917?
1
What is the ten thousands digit of 98639?
9
What is the tens digit of 5787702?
0
What is the units digit of 14793371?
1
What is the units digit of 11762332?
2
What is the hundreds digit of 698919?
9
What is the units digit of 1079559?
9
What is the hundred thousands digit of 1062956?
0
What is the hundreds digit of 103555?
5
What is the thousands digit of 1166485?
6
What is the units digit of 4447920?
0
What is the ten thousands digit of 17301?
1
What is the thousands digit of 29684671?
4
What is the hundred thousands digit of 376960?
3
What is the tens digit of 175167?
6
What is the ten thousands digit of 106578?
0
What is the hundred thousands digit of 2234031?
2
What is the tens digit of 4895032?
3
What is the units digit of 40289?
9
What is the hundreds digit of 21797016?
0
What is the millions digit of 1072886?
1
What is the thousands digit of 604942?
4
What is the thousands digit of 210988?
0
What is the hundred thousands digit of 185780?
1
What is the hundred thousands digit of 138735?
1
What is the tens digit of 745801?
0
What is the hundreds digit of 216647?
6
What is the millions digit of 2974134?
2
What is the hundred thousands digit of 5535457?
5
What is the ten thousands digit of 1197639?
9
What is the tens digit of 320142?
4
What is the millions dig